{"id":195,"date":"2023-01-10T17:14:49","date_gmt":"2023-01-10T17:14:49","guid":{"rendered":"https:\/\/christinesplayground.fi\/?page_id=195"},"modified":"2023-01-24T15:57:53","modified_gmt":"2023-01-24T15:57:53","slug":"jaktsimulator","status":"publish","type":"page","link":"https:\/\/christinesplayground.fi\/index.php\/sv\/jaktsimulator\/","title":{"rendered":"Jaktsimulator"},"content":{"rendered":"\n<p class=\"has-medium-font-size\">Simway simulator f\u00f6r jakttr\u00e4ning p\u00e5 olika villebr\u00e5d. Inneh\u00e5ller ocks\u00e5 bland annat program f\u00f6r jaktstig och pistolskytte mot olika m\u00e5l.<\/p>\n","protected":false},"excerpt":{"rendered":"<p>Simway simulator f\u00f6r jakttr\u00e4ning p\u00e5 olika villebr\u00e5d. Inneh\u00e5ller ocks\u00e5 bland annat program f\u00f6r jaktstig och pistolskytte mot olika m\u00e5l.<\/p>\n","protected":false},"author":1,"featured_media":0,"parent":0,"menu_order":0,"comment_status":"closed","ping_status":"closed","template":"","meta":{"footnotes":""},"class_list":["post-195","page","type-page","status-publish","hentry"],"jetpack_sharing_enabled":true,"_links":{"self":[{"href":"https:\/\/christinesplayground.fi\/index.php\/wp-json\/wp\/v2\/pages\/195","targetHints":{"allow":["GET"]}}],"collection":[{"href":"https:\/\/christinesplayground.fi\/index.php\/wp-json\/wp\/v2\/pages"}],"about":[{"href":"https:\/\/christinesplayground.fi\/index.php\/wp-json\/wp\/v2\/types\/page"}],"author":[{"embeddable":true,"href":"https:\/\/christinesplayground.fi\/index.php\/wp-json\/wp\/v2\/users\/1"}],"replies":[{"embeddable":true,"href":"https:\/\/christinesplayground.fi\/index.php\/wp-json\/wp\/v2\/comments?post=195"}],"version-history":[{"count":2,"href":"https:\/\/christinesplayground.fi\/index.php\/wp-json\/wp\/v2\/pages\/195\/revisions"}],"predecessor-version":[{"id":231,"href":"https:\/\/christinesplayground.fi\/index.php\/wp-json\/wp\/v2\/pages\/195\/revisions\/231"}],"wp:attachment":[{"href":"https:\/\/christinesplayground.fi\/index.php\/wp-json\/wp\/v2\/media?parent=195"}],"curies":[{"name":"wp","href":"https:\/\/api.w.org\/{rel}","templated":true}]}}